{"id":548,"date":"2014-02-16T14:03:17","date_gmt":"2014-02-16T13:03:17","guid":{"rendered":"http:\/\/sofar-ujsag.hu\/?page_id=548"},"modified":"2016-09-27T12:10:04","modified_gmt":"2016-09-27T11:10:04","slug":"soa-adatbazis","status":"publish","type":"page","link":"https:\/\/sofar-ujsag.hu\/?page_id=548","title":{"rendered":"So\u00e1 adatb\u00e1zis"},"content":{"rendered":"<p><a href=\"https:\/\/sofar-ujsag.hu\/wp-content\/uploads\/2016\/09\/arvaszek_mateszalka.xlsx\" target=\"_blank\">A Magyar Nemzeti Lev\u00e9lt\u00e1r Szabolcs-Szatm\u00e1r-Bereg Megyei Lev\u00e9lt\u00e1ra Szatm\u00e1r v\u00e1rmegye \u00e1rvasz\u00e9ki iratai (IV.B.759) 1945-50 k\u00f6z\u00f6tti bejegyz\u00e9seiben \u00e9s M\u00e1t\u00e9szalka halotti anyak\u00f6nyv\u00e9ben 1944 \u00e9vben szerepl\u0151 holokauszt \u00e1ldozatok \u00e9s n\u00e9h\u00e1ny t\u00fal\u00e9l\u0151 nevei.<\/a><\/p>\n<p><a href=\"https:\/\/sofar-ujsag.hu\/wp-content\/uploads\/2016\/09\/Adatb\u00e1zis-02..xlsx\" target=\"_blank\">A Magyar Nemzeti Lev\u00e9lt\u00e1r Szabolcs-Szatm\u00e1r-Bereg Megyei Lev\u00e9lt\u00e1ra Szabolcs megye \u00e1rvasz\u00e9ki iratai (IV.B.413.) 1945-49 k\u00f6z\u00f6tti bejegyz\u00e9seiben szerepl\u0151 holokauszt \u00e1ldozatok nevei.<\/a><\/p>\n<p><a href=\"https:\/\/sofar-ujsag.hu\/wp-content\/uploads\/2016\/09\/Adatb\u00e1zis-03..xlsx\">A Magyar Nemzeti Lev\u00e9lt\u00e1r Sz.Sz.B. Megyei Lev\u00e9lt\u00e1ra Ny\u00edregyh\u00e1za v\u00e1ros \u00e1rvasz\u00e9ki iratai 1945-49 k\u00f6z\u00f6tti bejegyz\u00e9seiben fellelt Holokauszt \u00e1ldozatok nevei, V.B.80, kieg\u00e9sz\u00edtve Nagy Ferenc: A ny\u00edregyh\u00e1zi zsid\u00f3s\u00e1g pusztul\u00e1sa c. k\u00f6nyv\u00e9ben tal\u00e1lhat\u00f3 n\u00e9vsorral (Sz.Sz.B.M. Lev\u00e9lt\u00e1r kiadv\u00e1nyai II. k\u00f6zlem\u00e9nyek 33., Ny\u00edregyh\u00e1za 2004.) (MS Excel adatb\u00e1zis) <\/a><\/p>\n<p><a href=\"https:\/\/sofar-ujsag.hu\/wp-content\/uploads\/2014\/02\/Kisv\u00e1rda_Jaross_V.347_EREDETI.xls\" target=\"_blank\">A kisv\u00e1rdai Jaross lista, \u00fajabb kutat\u00e1sok eredm\u00e9nyeivel kieg\u00e9sz\u00edtve. (MS Excel adatb\u00e1zis)<\/a><\/p>\n<p><a href=\"https:\/\/sofar-ujsag.hu\/wp-content\/uploads\/2014\/10\/Ny\u00edregyh\u00e1za-Eml\u00e9kfal.xlsx\">A ny\u00edregyh\u00e1zi zsid\u00f3 temet\u0151 eml\u00e9kfal\u00e1ra v\u00e9sett n\u00e9vsor (MS Excel adatb\u00e1zis)<\/a><\/p>\n","protected":false},"excerpt":{"rendered":"<p>A Magyar Nemzeti Lev\u00e9lt\u00e1r Szabolcs-Szatm\u00e1r-Bereg Megyei Lev\u00e9lt\u00e1ra Szatm\u00e1r v\u00e1rmegye \u00e1rvasz\u00e9ki iratai (IV.B.759) 1945-50 k\u00f6z\u00f6tti bejegyz\u00e9seiben \u00e9s M\u00e1t\u00e9szalka halotti anyak\u00f6nyv\u00e9ben 1944 \u00e9vben szerepl\u0151 holokauszt \u00e1ldozatok \u00e9s n\u00e9h\u00e1ny t\u00fal\u00e9l\u0151 nevei. A Magyar Nemzeti Lev\u00e9lt\u00e1r Szabolcs-Szatm\u00e1r-Bereg Megyei Lev\u00e9lt\u00e1ra Szabolcs megye \u00e1rvasz\u00e9ki iratai (IV.B.413.) 1945-49 k\u00f6z\u00f6tti bejegyz\u00e9seiben szerepl\u0151 holokauszt \u00e1ldozatok nevei. A Magyar Nemzeti Lev\u00e9lt\u00e1r Sz.Sz.B. Megyei Lev\u00e9lt\u00e1ra Ny\u00edregyh\u00e1za<\/p>\n","protected":false},"author":1,"featured_media":0,"parent":0,"menu_order":5,"comment_status":"closed","ping_status":"closed","template":"","meta":{"ngg_post_thumbnail":0},"_links":{"self":[{"href":"https:\/\/sofar-ujsag.hu\/index.php?rest_route=\/wp\/v2\/pages\/548"}],"collection":[{"href":"https:\/\/sofar-ujsag.hu\/index.php?rest_route=\/wp\/v2\/pages"}],"about":[{"href":"https:\/\/sofar-ujsag.hu\/index.php?rest_route=\/wp\/v2\/types\/page"}],"author":[{"embeddable":true,"href":"https:\/\/sofar-ujsag.hu\/index.php?rest_route=\/wp\/v2\/users\/1"}],"replies":[{"embeddable":true,"href":"https:\/\/sofar-ujsag.hu\/index.php?rest_route=%2Fwp%2Fv2%2Fcomments&post=548"}],"version-history":[{"count":0,"href":"https:\/\/sofar-ujsag.hu\/index.php?rest_route=\/wp\/v2\/pages\/548\/revisions"}],"wp:attachment":[{"href":"https:\/\/sofar-ujsag.hu\/index.php?rest_route=%2Fwp%2Fv2%2Fmedia&parent=548"}],"curies":[{"name":"wp","href":"https:\/\/api.w.org\/{rel}","templated":true}]}}