{"id":338,"date":"2013-03-14T00:54:12","date_gmt":"2013-03-13T23:54:12","guid":{"rendered":"http:\/\/sofar-ujsag.hu\/?page_id=338"},"modified":"2018-04-08T17:16:05","modified_gmt":"2018-04-08T16:16:05","slug":"elerhetoseg","status":"publish","type":"page","link":"https:\/\/sofar-ujsag.hu\/?page_id=338","title":{"rendered":"El\u00e9rhet\u0151s\u00e9g"},"content":{"rendered":"<p>A hitk\u00f6zs\u00e9g c\u00edme:<\/p>\n<p><strong>Ny\u00edregyh\u00e1zi Zsid\u00f3 Hitk\u00f6zs\u00e9g 4400 Ny\u00edregyh\u00e1za M\u00e1rt\u00edrok tere 6.<\/strong><\/p>\n<p>Tel.\/fax: <strong>06-42-417-939<\/strong><\/p>\n<p>e-mail: <a href=\"mailto:nyirzsido@gmail.com\"><strong>nyirzsido@gmail.com<\/strong><\/a><\/p>\n<p>facebook:&nbsp;<strong><a href=\"https:\/\/www.facebook.com\/nyirzsido\/\">https:\/\/www.facebook.com\/nyirzsido\/<\/a><\/strong><\/p>\n<p>Irodai nyitvatart\u00e1s: <strong>h\u00e9tf\u0151-cs\u00fct\u00f6rt\u00f6k 8:00-14:00<\/strong><\/p>\n<p>A hitk\u00f6zs\u00e9g Ny\u00edregyh\u00e1za k\u00f6zpontj\u00e1ban, a Kelet \u00c1ruh\u00e1z m\u00f6g\u00f6tt tal\u00e1lhat\u00f3. A zsinag\u00f3ga irodai nyitvatart\u00e1si id\u0151ben, azon t\u00fal vagy csoportos l\u00e1togat\u00e1s eset\u00e9n el\u0151zetes telefonegyeztet\u00e9s alapj\u00e1n tekinthet\u0151 meg.<\/p>\n","protected":false},"excerpt":{"rendered":"<p>A hitk\u00f6zs\u00e9g c\u00edme: Ny\u00edregyh\u00e1zi Zsid\u00f3 Hitk\u00f6zs\u00e9g 4400 Ny\u00edregyh\u00e1za M\u00e1rt\u00edrok tere 6. Tel.\/fax: 06-42-417-939 e-mail: nyirzsido@gmail.com facebook:&nbsp;https:\/\/www.facebook.com\/nyirzsido\/ Irodai nyitvatart\u00e1s: h\u00e9tf\u0151-cs\u00fct\u00f6rt\u00f6k 8:00-14:00 A hitk\u00f6zs\u00e9g Ny\u00edregyh\u00e1za k\u00f6zpontj\u00e1ban, a Kelet \u00c1ruh\u00e1z m\u00f6g\u00f6tt tal\u00e1lhat\u00f3. A zsinag\u00f3ga irodai nyitvatart\u00e1si id\u0151ben, azon t\u00fal vagy csoportos l\u00e1togat\u00e1s eset\u00e9n el\u0151zetes telefonegyeztet\u00e9s alapj\u00e1n tekinthet\u0151 meg.<\/p>\n","protected":false},"author":1,"featured_media":0,"parent":0,"menu_order":7,"comment_status":"closed","ping_status":"closed","template":"","meta":{"ngg_post_thumbnail":0,"footnotes":""},"class_list":["post-338","page","type-page","status-publish","hentry"],"jetpack_sharing_enabled":true,"_links":{"self":[{"href":"https:\/\/sofar-ujsag.hu\/index.php?rest_route=\/wp\/v2\/pages\/338","targetHints":{"allow":["GET"]}}],"collection":[{"href":"https:\/\/sofar-ujsag.hu\/index.php?rest_route=\/wp\/v2\/pages"}],"about":[{"href":"https:\/\/sofar-ujsag.hu\/index.php?rest_route=\/wp\/v2\/types\/page"}],"author":[{"embeddable":true,"href":"https:\/\/sofar-ujsag.hu\/index.php?rest_route=\/wp\/v2\/users\/1"}],"replies":[{"embeddable":true,"href":"https:\/\/sofar-ujsag.hu\/index.php?rest_route=%2Fwp%2Fv2%2Fcomments&post=338"}],"version-history":[{"count":0,"href":"https:\/\/sofar-ujsag.hu\/index.php?rest_route=\/wp\/v2\/pages\/338\/revisions"}],"wp:attachment":[{"href":"https:\/\/sofar-ujsag.hu\/index.php?rest_route=%2Fwp%2Fv2%2Fmedia&parent=338"}],"curies":[{"name":"wp","href":"https:\/\/api.w.org\/{rel}","templated":true}]}}